3 + -76?
-31279
In base 4, what is -1020101223 + -2?
-1020101231
In base 4, what is 13311 - -200?
20111
In base 11, what is -8578 + 2?
-8576
In base 11, what is -19745 + -7?
-19751
In base 6, what is -524252 + 2?
-524250
In base 2, what is 1001110100010001101 - 1?
1001110100010001100
In base 9, what is 2813 + -305?
2507
In base 8, what is 15164 + 243?
15427
In base 14, what is -31db + 5?
-31d6
In base 10, what is 11 + 8751?
8762
In base 2, what is -110 - -100011110?
100011000
In base 3, what is -112 - -1220200111?
1220122222
In base 16, what is c84 - 20?
c64
In base 9, what is 5411 - -20?
5431
In base 8, what is -2 + 1020302?
1020300
In base 4, what is 10100 - -322?
11022
In base 5, what is -2 + 21144310?
21144303
In base 3, what is 111022211 - 100?
111022111
In base 5, what is 0 + 121242021?
121242021
In base 16, what is -a0ed - 4?
-a0f1
In base 12, what is -75565 + -3?
-75568
In base 14, what is -329 + -61?
-38a
In base 11, what is 723a427 - -2?
723a429
In base 14, what is 68 - -4c33?
4c9b
In base 12, what is -1 - -14829b?
14829a
In base 2, what is -101 + 11011101100101?
11011101100000
In base 5, what is -1430433 + 4?
-1430424
In base 7, what is 162 - 11462?
-11300
In base 9, what is 18 + 612?
631
In base 11, what is -21 + -3853?
-3874
In base 14, what is -d4716 + 1?
-d4715
In base 13, what is -2863 - -127?
-2739
In base 3, what is -1220100222 + 22?
-1220100200
In base 6, what is -1023132 - 20?
-1023152
In base 2, what is 10 + -10110001111?
-10110001101
In base 16, what is 9 + -898?
-88f
In base 9, what is -3 + 563478?
563475
In base 11, what is -159 - 176?
-324
In base 15, what is 5 + 481bc?
481c2
In base 7, what is -1100 + -4130?
-5230
In base 9, what is 3 - -21083?
21086
In base 8, what is -344 - 17154?
-17520
In base 7, what is 120545 - -44?
120622
In base 7, what is -100161 - 15?
-100206
In base 8, what is 1611 + -65?
1524
In base 11, what is -69 + -2378?
-2436
In base 16, what is 6d + -169?
-fc
In base 15, what is 107 + 183?
28a
In base 7, what is -1150 - -1242?
62
In base 11, what is -1 - -a012?
a011
In base 9, what is -3 + -7223?
-7226
In base 7, what is 1 + -211041?
-211040
In base 4, what is -12302001 - 10?
-12302011
In base 9, what is -11 + 45664?
45653
In base 9, what is -3 - -14100?
14086
In base 8, what is -46450 + 2?
-46446
In base 14, what is 5 + -b650?
-b649
In base 8, what is 2132 - 56?
2054
In base 3, what is 100122212 - -11?
100200000
In base 13, what is 7c30ac + 0?
7c30ac
In base 15, what is e - -2306?
2315
In base 4, what is 31320122 + 1?
31320123
In base 2, what is 10 + 1111000000011000?
1111000000011010
In base 10, what is -6437 + 18?
-6419
In base 12, what is -12725 - 8?
-12731
In base 2, what is -111111 - 11110100?
-100110011
In base 4, what is -322 - 33320?
-100302
In base 16, what is 12 + dedb?
deed
In base 6, what is -1 + -324352?
-324353
In base 12, what is 11a39 - 27?
11a12
In base 6, what is 2 + 122053?
122055
In base 5, what is -212102 - 341?
-212443
In base 3, what is 202 - -11211000221?
11211001200
In base 4, what is -13 + 30301103?
30301030
In base 15, what is 130d - 3d?
12c0
In base 9, what is -5672 - 18?
-5701
In base 12, what is 83a9 + 1?
83aa
In base 4, what is -10 + -310203200?
-310203210
In base 5, what is 104142 + 22?
104214
In base 3, what is 10 + -1201200011121?
-1201200011111
In base 14, what is 87d - -d7?
976
In base 6, what is 1 - -405212?
405213
In base 16, what is -6664 - b?
-666f
In base 11, what is -22a22 + a?
-22a13
In base 2, what is -1101110101 + 10100111?
-1011001110
In base 16, what is 4 + -234bf?
-234bb
In base 10, what is -18872 - -1?
-18871
In base 6, what is -3012 + -353?
-3405
In base 14, what is -1c094 - -5?
-1c08d
In base 14, what is 70cd4 + -4?
70cd0
In base 12, what is -289 + -9?
-296
In base 14, what is 4bdc89 + 2?
4bdc8b
In base 3, what is 101202 - -102011?
210220
In base 10, what is 36582 - -7?
36589
In base 15, what is -178 - -62?
-116
In base 14, what is 9a6 + -411?
595
In base 3, what is 120 + 20120122010?
20120122200
In base 4, what is -10321222 + 100?
-10321122
In base 12, what is 388 + -52ba?
-4b32
In base 16, what is -706e4 - 1?
-706e5
In base 15, what is -40 + 8b1?
871
In base 16, what is -1f13ef - -1?
-1f13ee
In base 5, what is 30013423 + 0?
30013423
In base 2, what is -11101101101001 - -111?
-11101101100010
In base 8, what is 1 + 16613?
16614
In base 9, what is -4 + -1557?
-1562
In base 9, what is 174213 + 3?
174216
In base 13, what is 55 - -19a?
222
In base 11, what is 3 + -34977?
-34974
In base 11, what is 643 + -109?
535
In base 15, what is -19 - d86?
-da0
In base 14, what is -34d980 + -5?
-34d985
In base 2, what is -11111111111101 - 100?
-100000000000001
In base 6, what is 141 + 5050?
5231
In base 8, what is 11061 - -13?
11074
In base 12, what is 509b - -58?
5137
In base 7, what is 336401 - -26?
336430
In base 2, what is 101 - -1011101111011?
1011110000000
In base 15, what is -5 - 85d4?
-85d9
In base 9, what is -85263 - 4?
-85267
In base 14, what is -27 - 4504?
-452b
In base 13, what is -530 - 7?
-537
In base 9, what is -2771 - 4523?
-7404
In base 13, what is 515a3 + 6?
515a9
In base 6, what is -1542451 + 3?
-1542444
In base 13, what is -3 - -13b?
138
In base 6, what is -1123120 - -1?
-1123115
In base 6, what is -151 - -13503?
13312
In base 6, what is 32505045 + -5?
32505040
In base 16, what is -4 + 10ca6?
10ca2
In base 6, what is -15 - -1153110?
1153051
In base 16, what is 1bc - 36?
186
In base 7, what is -2 - -140514?
140512
In base 14, what is -6aa16 + -c?
-6aa24
In base 5, what is 2 + -242403?
-242401
In base 3, what is -2211 - -110112?
100201
In base 12, what is -40a4 + 49?
-4057
In base 3, what is 0 - 110220210?
-110220210
In base 6, what is -5 + 1004332?
1004323
In base 7, what is 6665 + -14?
6651
In base 11, what is -236610 - -5?
-236606
In base 4, what is 1002 - -2011?
3013
In base 6, what is -213 + 4244?
4031
In base 12, what is 2 - -aab3?
aab5
In base 11, what is 43 + -8a64?
-8a21
In base 14, what is -aa3b - -3?
-aa38
In base 5, what is -1001 - 2003?
-3004
In base 5, what is 3321 + 2041?
10412
In base 5, what is -1044 + 133023?
131424
In base 11, what is 1415 + 2?
1417
In base 13, what is b32 - -2?
b34
In base 8, what is 147 + 135?
304
In base 6, what is 443 - -4122?
5005
In base 14, what is -23 + -59b1?
-59d4
In base 11, what is -a5407 + -1?
-a5408
In base 5, what is -2003123 - 11?
-2003134
In base 2, what is -10110110 + -101100101000?
-101111011110
In base 15, what is -1 - -5e56?
5e55
In base 6, what is -1221205 + -1?
-1221210
In base 5, what is -40334023 - 1?
-40334024
In base 3, what is -10220 - 20122?
-101112
In base 8, what is 5 - -165114?
165121
In base 12, what is -156 + 5298?
5142
In base 13, what is -9a6 - 60c?
-12b5
In base 10, what is -9 + -216512?
-216521
In base 3, what is -122101001 - -101?
-122100200
In base 10, what is -4 + 10172?
10168
In base 8, what is -5 - 3302?
-3307
In base 10, what is 524498 - 0?
524498
In base 11, what is -1876a - 15?
-18784
In base 2, what is 11011101000100 + -1110101?
11011011001111
In base 10, what is 24867 - 8?
24859
In base 7, what is 1101 - 242?
526
In base 10, what is -411296 - -3?
-411293
In base 10, what is -114574 + 2?
-114572
In base 5, what is 310 + 32134?
32444
In base 10, what is -45 + -140?
-185
In base 15, what is 24e32 + -4?
24e2d
In base 3, what is -22000201 - 0?
-22000201
In base 3, what is -111121010200 - -101?
-111121010022
In base 2, what is 100011101100001000101 - 11?
100011101100001000010
In base 12, what is 65 - 288b?
-2826
In base 11, what is 10352 - 5?
10348
In base 13, what is 13883 + -63?
13820
In base 5, what is -22320 + -3?
-22323
In base 2, what is 11101000101011010 + -10?
11101000101011000
In base 6, what is 540253 + 31?
540324
In base 2, what is 10111000000 + 10000?
10111010000
In base 8, what is 2 + -353003?
-353001
In base 12, what is -1 - -18067?
18066
In base 13, what is 41 - 1ba4?
-1b63
In base 15, what is -4 - 631?
-635
In base 16, what is -1a37 + 10?
-1a27
In base 9, what is -861 + 104?
-756
In base 3, what is 21110112121 + 12?
21110112210
In base 10, what is 253 + 551?
804
In base 8, what is -3 - -173024?
173021
In base 13, what is -3817 + -6?
-3820
In base 10, what is 1883 - -16?
1899
In base 3, what is 21 + 11021010?
11021101
In base 12, what is -850463 - -5?
